
7
What is the highest common divisor of 12 and 18?
6
What is the highest common divisor of 2001 and 87?
87
What is the highest common factor of 282 and 36?
6
Calculate the highest common factor of 108 and 7416.
36
Calculate the highest common factor of 5838 and 42.
42
What is the greatest common factor of 12 and 90?
6
Calculate the highest common divisor of 1068 and 6141.
267
Calculate the greatest common divisor of 275 and 15700.
25
Calculate the highest common divisor of 6 and 3.
3
Calculate the greatest common factor of 464 and 522.
58
What is the highest common factor of 168 and 560?
56
Calculate the greatest common factor of 1260 and 18.
18
What is the highest common divisor of 1254 and 176?
22
Calculate the highest common divisor of 157 and 1.
1
Calculate the greatest common factor of 46 and 138.
46
What is the greatest common divisor of 3852 and 36?
36
Calculate the highest common divisor of 15 and 165.
15
Calculate the greatest common divisor of 1 and 220.
1
Calculate the greatest common factor of 156 and 42.
6
Calculate the greatest common divisor of 2200 and 120.
40
Calculate the highest common divisor of 2183 and 592.
37
What is the highest common divisor of 8622 and 18?
18
Calculate the greatest common factor of 100 and 2500.
100
Calculate the highest common divisor of 4998 and 5586.
294
What is the highest common divisor of 36 and 32?
4
What is the highest common factor of 46288 and 16?
16
Calculate the highest common factor of 11 and 1.
1
Calculate the greatest common factor of 14 and 434.
14
What is the highest common divisor of 558 and 36?
18
What is the greatest common factor of 370 and 170?
10
What is the greatest common factor of 63 and 81?
9
What is the greatest common factor of 125 and 69?
1
What is the highest common divisor of 1298 and 704?
22
What is the greatest common factor of 152 and 552?
8
Calculate the greatest common divisor of 19 and 1843.
19
Calculate the greatest common divisor of 9099 and 27.
27
Calculate the greatest common divisor of 48 and 2268.
12
What is the greatest common factor of 135 and 27?
27
Calculate the greatest common factor of 1200 and 48.
48
What is the highest common factor of 110 and 66?
22
Calculate the greatest common divisor of 53 and 848.
53
What is the greatest common divisor of 12 and 212?
4
What is the highest common divisor of 150 and 375?
75
What is the highest common divisor of 5329 and 1241?
73
Calculate the highest common factor of 2504 and 40.
8
Calculate the greatest common factor of 9 and 1.
1
What is the greatest common factor of 121 and 946?
11
What is the greatest common factor of 7560 and 567?
189
What is the highest common factor of 754 and 174?
58
Calculate the highest common factor of 5 and 265.
5
Calculate the highest common factor of 235 and 19035.
235
Calculate the highest common divisor of 16 and 5296.
16
Calculate the highest common divisor of 28 and 1372.
28
Calculate the greatest common divisor of 22 and 10.
2
What is the greatest common factor of 162 and 45?
9
What is the greatest common divisor of 21600 and 16?
16
What is the greatest common divisor of 16 and 360?
8
What is the greatest common factor of 296 and 3034?
74
Calculate the greatest common divisor of 1026 and 38.
38
What is the highest common factor of 3405 and 45?
15
Calculate the highest common factor of 165 and 10.
5
Calculate the highest common divisor of 589 and 19.
19
Calculate the greatest common divisor of 182 and 70.
14
What is the highest common divisor of 64 and 704?
64
Calculate the highest common factor of 6 and 318.
6
What is the highest common divisor of 26720 and 32?
32
Calculate the greatest common divisor of 129 and 1892.
43
What is the greatest common factor of 4 and 292?
4
Calculate the greatest common factor of 1236 and 48.
12
What is the greatest common divisor of 20569 and 921?
307
Calculate the highest common factor of 567 and 162.
81
What is the greatest common factor of 330 and 75?
15
What is the greatest common factor of 207 and 9?
9
Calculate the highest common divisor of 1773 and 9653.
197
What is the greatest common divisor of 375 and 15?
15
Calculate the highest common factor of 847 and 99.
11
What is the greatest common divisor of 16 and 376?
8
What is the highest common divisor of 265 and 636?
53
Calculate the highest common divisor of 28 and 3584.
28
Calculate the highest common factor of 72 and 560.
8
What is the greatest common factor of 24 and 15?
3
What is the highest common divisor of 4 and 2116?
4
What is the greatest common divisor of 425 and 17?
17
What is the greatest common divisor of 23592 and 24?
24
Calculate the highest common divisor of 1309 and 77.
77
Calculate the greatest common divisor of 47 and 2632.
47
Calculate the greatest common factor of 840 and 12.
12
Calculate the highest common factor of 748 and 44.
44
What is the greatest common divisor of 37 and 2072?
37
Calculate the greatest common divisor of 357 and 189.
21
Calculate the greatest common factor of 295 and 25.
5
What is the highest common factor of 522 and 54?
18
Calculate the highest common factor of 34 and 2992.
34
Calculate the greatest common divisor of 64 and 160.
32
Calculate the greatest common divisor of 50 and 50.
50
What is the highest common divisor of 20 and 190?
10
What is the greatest common divisor of 575 and 230?
115
What is the greatest common divisor of 38 and 38?
38
Calculate the highest common divisor of 2706 and 492.
246
Calculate the greatest common divisor of 912 and 1672.
152
Calculate the highest common divisor of 117 and 312.
39
Calculate the highest common divisor of 3197 and 834.
139
Calculate the highest common factor of 1596 and 19.
19
Calculate the highest common factor of 915 and 345.
15
What is the greatest common factor of 20 and 4090?
10
Calculate the greatest common factor of 5 and 9935.
5
What is the highest common factor of 738 and 414?
18
What is the highest common factor of 118 and 2950?
118
Calculate the highest common factor of 36 and 276.
12
Calculate the highest common factor of 2 and 18.
2
What is the greatest common divisor of 1603 and 77?
7
Calculate the greatest common divisor of 220 and 60.
20
What is the highest common divisor of 1204 and 224?
28
What is the greatest common factor of 48 and 426?
6
Calculate the highest common divisor of 684 and 108.
36
Calculate the greatest common divisor of 256 and 2176.
128
Calculate the highest common divisor of 10058 and 47.
47
What is the greatest common divisor of 80 and 340?
20
Calculate the greatest common factor of 5562 and 206.
206
Calculate the highest common factor of 1018 and 2.
2
What is the highest common factor of 960 and 200?
40
Calculate the greatest common factor of 37 and 148.
37
Calculate the greatest common divisor of 32382 and 84.
42
Calculate the greatest common factor of 264 and 16.
8
Calculate the greatest common factor of 690 and 390.
30
Calculate the highest common divisor of 30 and 730.
10
Calculate the highest common factor of 200 and 640.
40
What is the greatest common factor of 28 and 6986?
14
Calculate the greatest common divisor of 24 and 32.
8
Calculate the greatest common divisor of 99 and 319.
11
Calculate the highest common divisor of 943 and 23.
23
Calculate the highest common factor of 296 and 185.
37
Calculate the greatest common divisor of 288 and 36.
36
Calculate the greatest common factor of 4 and 2.
2
Calculate the highest common divisor of 1633 and 989.
23
Calculate the highest common factor of 375 and 3675.
75
Calculate the highest common divisor of 784 and 720.
16
What is the greatest common divisor of 105 and 15?
15
What is the highest common factor of 4 and 1004?
4
What is the highest common factor of 13 and 2?
1
Calculate the highest common divisor of 688 and 129.
43
Calculate the highest common divisor of 805 and 175.
35
Calculate the highest common divisor of 162 and 50058.
162
Calculate the greatest common factor of 16244 and 124.
124
What is the greatest common divisor of 705 and 94?
47
Calculate the greatest common factor of 444 and 2072.
148
What is the highest common divisor of 529 and 138?
23
What is the greatest common divisor of 42 and 1806?
42
Calculate the highest common factor of 1048 and 9694.
262
Calculate the greatest common divisor